actors of o.
2, 3
Let m be ((-4)/4)/2*4*-27. What are the prime factors of 2*m - ((-2 - 5) + 9)?
2, 53
Let v = 733 + 317. List the prime factors of v.
2, 3, 5, 7
Suppose 0 = -2*r - 2 + 4. List the prime factors of ((-381)/6 - r)/((-6)/8).
2, 43
Let z = 35 + -19. Let r = z + -71. List the prime factors of 36/10 + 33/r.
3
Let z be 18 - ((-16)/(-7) - (-18)/(-63)). Suppose 0 = 10*a - 11*a + z. What are the prime factors of a?
2
Let n(v) = v + 14. Let f be n(-12). Suppose -5*w = f - 12. Suppose 9 = s + w*s. List the prime factors of s.
3
Let g(y) = 2*y**2 - 8*y + 43. Let x be g(4). Let h be 197/4 + (-1)/4. Suppose h = 4*d - x. What are the prime factors of d?
23
Suppose -25*t = -26*t + 6. Let o(z) = 2*z - 10. List the prime factors of o(t).
2
Suppose 5*t + 81 = 11. Suppose 4*q + 23 = 5*w + 145, 0 = -4*q + 12. Let f = t - w. What are the prime factors of f?
2
What are the prime factors of ((-7)/14)/(6/(-2424))?
2, 101
List the prime factors of -6 - (-599)/1 - 5.
2, 3, 7
Let t(l) = 13*l**2 - 44*l + 171. What are the prime factors of t(14)?
3, 701
Suppose 0 = -2*w - 0*w + 18. Suppose -2*j = -6, -2*j + 1206 = w*h - 4*h. List the prime factors of h.
2, 3, 5
Suppose -3*h = h - 28. Let y(o) = -o + 2 + 2*o + h*o**2 - 4*o**2. List the prime factors of y(3).
2
Let z(b) be the first derivative of 2*b**3/3 - 2*b**2 - 5*b + 11. Suppose -4 = -v + 3*v. List the prime factors of z(v).
11
List the prime factors of 410 - ((-5)/(-25) + 52/(-10)).
5, 83
Suppose -17*y + 5816 = -13*y. What are the prime factors of y?
2, 727
Suppose -3*q + 227 = 5*j, 2*q - 3*q - 4*j = -85. Let s = 157 - q. What are the prime factors of s?
2, 11
Let y = -86 + 285. What are the prime factors of y?
199
Suppose f + 21 = -5*q - 13, 0 = 5*f - q + 144. Let m(s) = -s**2 - 7*s - 8. Let p be m(-6). Let d = p - f. What are the prime factors of d?
3
Suppose -4*h + p - 6 + 21 = 0, -4*p = h + 9. Suppose a - 5*a - 11 = h*l, 0 = 3*l - 3*a - 24. Suppose 2*y + 12 = l*y. List the prime factors of y.
2, 3
Suppose j - 2*g - 258 = -13, -3*g - 970 = -4*j. List the prime factors of j.
241
What are the prime factors of (-39072)/(-40) + (-3)/(-15)?
977
Let x(d) = d**3 + 3*d**2 + 3*d. Let q be x(-3). Let n = 5 + q. Let g = n - -23. List the prime factors of g.
19
Let h be 6/12*(2 + -2). Suppose 2*w + h*t + 16 = -5*t, t = 4*w - 12. Suppose -20 = -w*q + 60. List the prime factors of q.
2, 5
Suppose 238 + 8 = 6*q. What are the prime factors of q?
41
Let b be (105/30)/((-1)/(-72)). Suppose 3*f = 2*l + b, 5*l - 154 + 579 = 5*f. List the prime factors of f.
2, 41
Let p be (6 - 1)*12/20. Suppose -4*d = -p*d - 68. What are the prime factors of d?
2, 17
Let k = 5 - -1. List the prime factors of (-3)/(-6)*k/(-1) + 70.
67
Let t(f) = -f**2 - 14*f - 12. Let k be t(-13). What are the prime factors of k/(-3 - -7) + (-283)/(-4)?
71
Let g(k) = -k**3 - k**2 + k + 187. Let x be g(0). Let h = x - 124. List the prime factors of h.
3, 7
Suppose 4*z = -0*z + 8. Suppose -3*b = -z*b - 3. Suppose 4*g - 4*q - 110 = -2*q, -b*g + 4*q = -75. What are the prime factors of g?
29
List the prime factors of (-70)/4*(-15336)/378.
2, 5, 71
Let u(r) = -r + 31. Suppose 4*h = -h. Suppose -4*d + 6*d = h. List the prime factors of u(d).
31
Let c = 9 - 3. Suppose 0 = c*t - t. Suppose -a + 0*a + 60 = t. List the prime factors of a.
2, 3, 5
Let b(l) = l**3 - 10*l**2 - 9*l - 21. Let m be b(11). Let y be (-200)/(-9) + (-2)/9. What are the prime factors of (1 - 0) + y + m?
2, 3
Let y = 682 - 120. What are the prime factors of y?
2, 281
Let g(c) = c**2 - 12*c - 9. Let f be g(13). Suppose -f*y + 20 = -5*d, -3*d - 2*d = -2*y. List the prime factors of (8/y)/((-22)/(-55)).
2
Let h = 175 + -45. List the prime factors of h.
2, 5, 13
Let q = -25 + 37. Let f(x) = 16*x - 1 + 2 + 7*x**2 - 8*x**2 + 2. List the prime factors of f(q).
3, 17
Let c = -39 - -41. Let v(y) = 29 - c*y - y**3 + 19*y - 5 - 15*y**2. List the prime factors of v(-16).
2
Suppose -4*h = -0 - 36. Suppose 0 = h*t - 7*t - 64. What are the prime factors of t?
2
Let h = 387 + -100. List the prime factors of h.
7, 41
Let b be -4 + (0 - -3) - 4. Let n(r) = r**3 + 5*r**2 - r + 1. Let y be n(b). Suppose -y = -2*v - 0. List the prime factors of v.
3
Let q(j) = -j**3 + 5*j**2 - j + 7. Suppose -p + 5 = -0. Let n be q(p). Let o = n - -24. List the prime factors of o.
2, 13
Suppose u + 0*u = m + 13, -3*u = 4*m - 74. Let g = u + -17. List the prime factors of (8/(-24))/(g/(-81)).
3
Suppose 10*m - 873 - 577 = 0. What are the prime factors of m?
5, 29
Let n(u) = -6*u + 13. Let k be n(2). List the prime factors of ((-264)/72)/(1*k/(-15)).
5, 11
Suppose 3*p = 6*p - 201. Suppose -523 + p = -8*c. Let s = 122 - c. What are the prime factors of s?
5, 13
Suppose q + 140 = -2*g, 3*g + 205 = -q - 3*q. List the prime factors of g/(-3)*((-12)/(-2) + -3).
71
Suppose -4*k - 4*v + 120 = 0, 3*k + 2*v - 5*v = 60. Suppose -5*o + 185 = -k. List the prime factors of o.
2, 3, 7
Suppose -g = -4*t + 15, -t = -2*g - 2*g. Suppose -s = -t*s + 153. What are the prime factors of s?
3, 17
Let r(f) = -2*f - 4 + 7*f**2 + 3 - 6*f**2. Let i be r(3). Suppose -i - 2 = -a. List the prime factors of a.
2
Let z(u) = -u**3 + 10*u**2 - 11*u + 10. Let l be z(9). Let g be 94/l - (-2)/(-8). List the prime factors of ((-16)/g)/(4/24).
2
Suppose -5*m + 9 = -6. Suppose -5*f - m*s = -240, f + 4*f + 4*s = 245. List the prime factors of f.
3, 5
Let f(m) = 4*m - 1 + m**2 + 0*m - 9. Let q be f(5). Suppose w - 2*w + q = 0. What are the prime factors of w?
5, 7
Suppose -2*f - 17*v = -20*v - 6493, 3*v = 4*f - 12977. List the prime factors of f.
2, 1621
Suppose -9*d + 4*d = 4*i - 647, -5*i - 5*d = -810. What are the prime factors of i?
163
Let p = -35 + 46. Suppose g + 7 = p. What are the prime factors of g?
2
Let s = -27 + 29. Let w(m) = 2*m. Let r be w(s). What are the prime factors of 2/(r + (-42)/11)?
11
Let l(x) = -12*x + 8. Let p be l(-4). What are the prime factors of p/(2 + 2) + 1?
3, 5
What are the prime factors of (22/44)/((-2)/(-2544))?
2, 3, 53
Let g(i) = -i**3 + 6*i**2 - 3*i + 1. Let b be g(2). Let s = 23 - b. Let f = 44 - s. What are the prime factors of f?
2
Let l = 24 + -78. List the prime factors of (-2472)/l + (-2)/(-9).
2, 23
Let h = -2 - -2. Let y be 0 + (-4)/4 + h. What are the prime factors of y*(-17 - 2) - -3?
2, 11
Let w(k) = -k**3 + k**2 + 3*k + 2. Let z be w(-2). Suppose 5*b = 7 + z. Suppose b*t = -x + 26, 4*x - 6*x + 7 = t. What are the prime factors of t?
3
Suppose -4*c = -3*n - 6*c + 3404, -n = -4*c - 1116. List the prime factors of n.
2, 283
What are the prime factors of ((-3)/2)/((-74)/205424)?
2, 3, 347
Let v be -4 + 1 + 12 - 4. Suppose 5*w - 6*z + z = 565, -4*z = -v*w + 562. What are the prime factors of w?
2, 5, 11
Let k = -681 - -1201. What are the prime factors of k?
2, 5, 13
Let y(d) = d**3 - 9*d**2 - 18*d + 30. Let i be y(11). Let a = -42 + i. What are the prime factors of a?
2
Suppose -c - 2 = -6, -2*q + 408 = 3*c. Suppose q = 19*r - 17*r. What are the prime factors of r?
3, 11
Let l(p) = p**3 - 3*p**2 - 3*p - 1. Let z be l(4). Suppose -z*q + 2*t = 2, -3*q - 4 + 1 = -3*t. Suppose q = -d - 0*d + 69. What are the prime factors of d?
3, 23
Let a = 44 - 42. Suppose a*t - 57 = 107. List the prime factors of t.
2, 41
Let v(f) = -f**2 + 17*f + 8. Let z be v(9). Suppose u - 2*u + z = 0. List the prime factors of u.
2, 5
Let p = 3 - -12. Suppose p + 9 = b. What are the prime factors of b?
2, 3
Let u(r) be the third derivative of -31*r**4/24 + 2*r**3/3 - 36*r**2. List the prime factors of u(-3).
97
Let c = 18 + -13. Suppose y - c*g = 4*y - 123, -2*y - g = -89. Suppose 0 = 2*n - y. List the prime factors of n.
23
Suppose -15 = -5*j, 27 = v + 2*v + 4*j. Suppose -v*x = -0*x - 25. List the prime factors of x.
5
Suppose -3015 = 12*b - 17*b. What are the prime factors of b?
3, 67
Let v(t) = -t**3 + 4*t**2 - 6*t + 4. Let u be v(2). Suppose u = -2*y - 5 + 21. List the prime factors of y.
2
Let x = -1147 + 2425. Suppose 10*s - x = 4*s. List the prime factors of s.
3, 71
Let o(m) = 28*m**2 - 10*m**2 + 3*m - 2*m. What are the prime factors of o(-3)?
3, 53
Suppose -6*k + 14 = -16. Suppose k*v + 51 = 161. What are the prime factors of v?
2, 11
Suppose -7*u + 10 = -18. Let f(a) = -a**3 + 14*a**2 - 4*a - 3. List the prime factors of f(u).
3, 47
Suppose r